 13*v = 10*v + 82, 3*i - 264 = -d*v. What is the tens digit of i?
9
Suppose 23*d - 27*d = p - 63988, 2*d = 5*p + 31994. What is the tens digit of d?
9
Suppose 5*h + 4*h + 4446 = 0. Let r = -140 - h. Suppose -10*k = -8*k - r. What is the hundreds digit of k?
1
Let m = 68025 + -37579. What is the units digit of m?
6
Suppose 0 = -d + q + 5 - 2, 4*d - 2*q - 14 = 0. Suppose 1904 = d*l - 2*k, 471 = 4*l - 3*l + 2*k. What is the tens digit of l?
7
Let j(b) = b - 5. Let v be j(7). Suppose 5*s + v*w - 40 = -w, -4*w + 25 = s. Suppose s*d + 2*y - 217 = 0, 0*d = 5*d - 3*y - 237. What is the units digit of d?
5
Suppose 7*s - 12534 = -19*s + 7772. What is the hundreds digit of s?
7
Suppose 32 = -15*g + 23*g. Suppose -25 = -n - 4*n, -g*n = 4*x - 1512. What is the units digit of x?
3
Let v be (2 + 53/(-4))*(-48)/18. Suppose -4*a - v = -9*a + 2*w, -3*a + w + 18 = 0. What is the tens digit of -6*225/a*-1?
2
Suppose -27*m = -21*m - 7320. What is the tens digit of 28/7 + m - -6?
3
Let w be -4 + 56/12 - (-16)/(-6). Let d be (1/w)/((-16)/6272). Suppose 2*x + 4*b - d = 0, -2*x - b + 299 = x. What is the units digit of x?
0
Let a(h) = 660*h - 2891. What is the thousands digit of a(44)?
6
Let d = 574 + -929. Let i = -163 - d. Let f = i + 4. What is the units digit of f?
6
Suppose -4*y = -2*l - 115556, 19*y + 5*l - 28922 = 18*y. What is the ten thousands digit of y?
2
Let c(m) = 20*m - 32. Let p be c(6). Let l = p - 66. What is the tens digit of l?
2
Let j(q) = 4*q**2 - 2*q - 4213. What is the thousands digit of j(65)?
2
Let f(i) = -28*i - 92. Let h be f(-5). Suppose h*a + 45575 = 73*a. What is the tens digit of a?
2
Let u be (7/7)/(2/(-24)). Let o be (u/(-6))/((-2)/(-46)). Suppose o - 10 = 2*q. What is the tens digit of q?
1
Let u be (-1 - (-8481)/(-15))/(12/40). What is the units digit of (-7)/(-2*(-8)/u)?
6
Let p = 31498 - 5884. What is the hundreds digit of p?
6
Let v = 9 - 13. Let l(k) = k**3 + 3*k**2 + 3*k + 1. Let h be l(v). What is the units digit of (-4)/2*(h + 9)?
6
Let d = 17 + 3179. What is the hundreds digit of d?
1
Let q(l) = 5*l**3 - 6*l**2 - 9*l - 6. Let m be (-47)/(-8) + 40/320. What is the tens digit of q(m)?
0
Let w = -9176 - -18807. What is the units digit of w?
1
Suppose -28*c + 470 + 1070 = 0. What is the units digit of c?
5
Let h(r) = 601*r + 359. What is the hundreds digit of h(22)?
5
Suppose -70 = -0*w - 14*w. Suppose -24*j - w*j = -14413. What is the units digit of j?
7
Suppose 2*k + 5*m - 17 = -2*k, 0 = 5*k + 3*m - 18. Let g(r) = -r**2 - 15*r + 99. Let w be g(-20). What is the tens digit of 23 + (w - -4) + k?
2
Suppose 5*y + 2*t = -133096, -y = -2*t + 21214 + 5410. What is the thousands digit of 2/10 + y/(-25)?
1
Suppose -3726 = -3*a - 2*m, -a + 1247 = -25*m + 24*m. Suppose a + 1880 = 3*g - 2*c, -g + 1043 = c. What is the tens digit of g?
4
Let g = 3844 - -2476. What is the thousands digit of g?
6
Suppose o - 3 - 3 = 0. Let x be (9/o)/(1/2). Suppose x*g = 5*b + 121, 2*g - 15 = -3*b + 34. What is the tens digit of g?
3
Let t(w) = w**3 - w**2 + w + 11. Let h be t(0). Let s(k) be the third derivative of -k**5/60 + 7*k**4/12 + 17*k**3/6 - 483*k**2. What is the tens digit of s(h)?
5
Let y = -8699 - -3890. What is the hundreds digit of (y/(-6) - 3) + (-2)/(-4)?
7
Let x = -292 + 4407. Suppose 4*q = -3*j + 2476, j - x = -4*j + 5*q. Suppose -4*t + 397 = 3*k - 256, 4*k + j = 5*t. What is the units digit of t?
4
Suppose -6*g = -26 - 4. Suppose -g*p + 250 = -160. Suppose -p*s + 71 = -81*s. What is the units digit of s?
1
Let h(k) = k + 2. Let j be h(0). Let f(x) = -102*x**2 - 6 + 10*x - 2 + x**3 + 93*x**j. What is the units digit of f(8)?
8
Let i(u) = -u**3 + 9*u**2 + 18*u + 34. Let g be i(11). What is the units digit of g/(6 + (-980)/161)?
5
Let g(c) = -c**3 - 5*c**2 + 2*c + 10. Let v = -12 + 7. Let i be g(v). Suppose -5*b = 4*p - 68 - 821, i = -4*p - 16. What is the hundreds digit of b?
1
Let s = 1 + 0. Let l be (15 - -6)/(2 + (-3)/s). What is the tens digit of ((-90)/l)/(-5)*-126?
0
Let m(u) = 3*u**2 - 10*u + 10. Suppose -53 = -5*y - s, -s + 53 - 10 = 4*y. What is the hundreds digit of m(y)?
2
Let l(n) = 610*n + 346. What is the tens digit of l(8)?
2
Let s(j) = 3*j**3 - 25*j**2 + 15*j + 45. Let z(o) = -o**3 + 8*o**2 - 5*o - 15. Let h(r) = -3*s(r) - 8*z(r). What is the units digit of h(10)?
5
Suppose 3*a + 4*p = -0*a - 666, -2*a + p = 444. Let y = -123 - a. What is the units digit of y?
9
What is the hundreds digit of 16058 - (11 + -18 - -13)?
0
Let d(p) = -p**2 - 2*p + 3. Let s be d(-7). Let c = 26 + s. What is the units digit of (24/20)/(c/(-135))?
7
Suppose 4*r + 3*u - 3 + 7 = 0, 5*u + 22 = r. Suppose -5*q = -6*q - r*d, -q - 4*d + 10 = 0. What is the units digit of ((-5)/8*q + 3)*8?
4
Suppose 859 = 3*c - 37*y + 42*y, -2*y = c - 285. Suppose 0 = 3*g - 3*h - 420, 4*h + c = 3*g - 123. What is the tens digit of g?
4
Let z(k) = k**3 + 108*k**2 + 86*k + 1364. What is the thousands digit of z(-106)?
4
Let h(x) = -5*x - 11. Let i be h(10). Let k = 61 + i. Suppose 7*r + 140 - 1050 = k. What is the tens digit of r?
3
Let c(i) be the second derivative of 1/3*i**4 - 1/2*i**3 + 0*i**2 - 25*i + 0. What is the units digit of c(6)?
6
Let s be (-152)/(-64) + (18/(-16))/3. What is the tens digit of -8 + 935 + s + -1?
2
Let w = -22343 + 35612. What is the thousands digit of w?
3
Suppose g + 3 = 0, 4*a - 35891 = 3*g - 6618. What is the thousands digit of a?
7
Let b = 26392 - 10128. What is the hundreds digit of b?
2
What is the units digit of 2516 - (2/2)/(31/(-217))?
3
Suppose 554*k - 1461755 - 21001283 = 0. What is the units digit of k?
7
Suppose 0*u - 6*u = -2*u. Suppose 9*d = -u + 9. What is the tens digit of (138/2 - 2)*d?
6
Suppose n + 2*h - 35 = 0, -n - n = -4*h - 38. Suppose -2*c + w - n = 0, -5*c = 4*w + 8 + 53. Let g = 50 + c. What is the units digit of g?
7
Let w = 1 + 5. What is the tens digit of 1163/w - 40/48?
9
Suppose 578*i = 490*i + 2675024. What is the tens digit of i?
9
What is the units digit of (-1)/(179823/(-215766) + 210/252)?
7
Suppose 0 = 68*h + 201061 - 2941393. What is the hundreds digit of h?
2
Let o(t) be the third derivative of t**6/120 - 7*t**5/60 + t**4/6 + t**3/3 - 2*t**2 - 9*t. What is the tens digit of o(7)?
3
Let y be (-3 + 17/7)/(-2)*7. Suppose w - 1 = y, 2*w + 852 = 3*b. What is the units digit of b?
6
Suppose z = 5*l - 3 - 0, -l + 15 = -5*z. Let b(p) = p**2 + p + 128. Let v be b(l). Suppose 2*g + 8*r = 4*r + v, -144 = -2*g + 4*r. What is the units digit of g?
8
Suppose -4*v - i = 1708, -3*i - 1281 = -0*v + 3*v. Let a = 808 + v. What is the tens digit of a?
8
Let m be (7/42*3)/((-1)/(-12)). Suppose m*u - u = 20. Suppose 212 = 4*w + 5*c, u*w + w - 306 = 4*c. What is the tens digit of w?
5
Let v(p) = -p**3 + 5*p**2 + 10*p - 12. Let d be v(6). Suppose -d + 2 = -5*u. Suppose 0 = 4*o - 5*a - 88, u*o + 3*a - 18 = -a. What is the units digit of o?
7
Suppose -32*l + 28*l + 42742 = 3*k, -4*l = 4*k - 42748. What is the thousands digit of l?
0
Suppose 0 = -2*f + 4*b + 12, -17*b - 4 = 3*f - 12*b. Suppose 0 = f*m + 5*d - 1357, 6*m = 3*m - 4*d + 2039. What is the units digit of m?
1
Let s be 0 - 3 - (1 + 2 - -70). Let u = 60 - s. Suppose -5*r = -2 - 3, -4*t = -4*r - u. What is the tens digit of t?
3
Suppose 14*b - 50 - 34 = 0. Suppose b*f - 4 = 20. Suppose 445 = f*d + 3*m, -3*d + 0*m + 342 = 5*m. What is the hundreds digit of d?
1
Suppose -2*i - 8 = -0*i, 3*l + 17 = -2*i. Let g = l - -7. What is the units digit of 5 + 1 + -2 + g?
8
Suppose 177*b = 175*b - 4*j + 63220, -2*b - 2*j + 63218 = 0. What is the tens digit of b?
0
Suppose -31*l = -102693 - 62475. What is the tens digit of l?
2
Suppose 0 = -7*u + 9*u - 2428. Suppose -4*m + 1054 = -u. What is the tens digit of m?
6
Suppose -x + 55583 = -4*w, -2*x - 204*w + 111156 = -207*w. What is the hundreds digit of x?
5
Suppose m = 24 + 316. Let l(i) = -37*i + 3. Let q be l(-4). Let a = m - q. What is the hundreds digit of a?
1
What is the units digit of (-40)/(-8)*731 - -3?
8
What is the hundreds digit of 1 + -7 - 1618*(-6)/12?
8
Suppose 492*l - 4016 = 489*l + 2*x, -6715 = -5*l - x. What is the tens digit of l?
4
Let n(f) = -3*f**2 - 42*f - 36. Let d be n(-13). Suppose -5*m = x - 543, d*x + 2*m - 1089 = 527. What is the tens digit of x?
3
Suppose 346 + 490 = 2*k. Suppose 2*v - 4*h - k = 0, 2*v - 2